{"id":1687,"date":"2022-11-04T14:22:49","date_gmt":"2022-11-04T13:22:49","guid":{"rendered":"https:\/\/studiorizoma.org\/?post_type=project&#038;p=1687"},"modified":"2025-06-03T14:42:26","modified_gmt":"2025-06-03T12:42:26","slug":"the-european-pavilion","status":"publish","type":"project","link":"https:\/\/studiorizoma.org\/it\/project\/the-european-pavilion\/","title":{"rendered":"The European Pavilion"},"content":{"rendered":"\r\n<p><strong>Uno spazio per la sperimentazione e l&#8217;immaginazione<\/strong><\/p>\r\n\r\n\r\n\r\n<p>Immaginare l&#8217;Europa di domani non \u00e8 un compito facile. Non si tratta di partire da una pagina bianca n\u00e9 di seguire una narrazione preconcetta. Si tratta piuttosto di aggiungere note a pi\u00e8 di pagina e di creare spazi per l&#8217;immaginazione.<br \/>Il programma del Padiglione europeo \u00e8 nato con l&#8217;ambizione di favorire uno spazio che incoraggiasse la sperimentazione e la riflessione sull&#8217;Europa. In collaborazione con i partner, si \u00e8 proposto di sostenere una rete europea di organizzazioni artistiche e culturali che, attraverso progetti artistici ed educativi, offrissero l&#8217;opportunit\u00e0 di esplorare idee per un&#8217;Europa futura. Insieme abbiamo messo in discussione e cercato di visualizzare ci\u00f2 che l&#8217;Europa \u00e8 e, soprattutto, ci\u00f2 che potr\u00e0 diventare domani. Abbiamo raccontato storie, immaginato, ipotizzato.\u00a0 E quale luogo migliore di un padiglione per questa iniziativa? Il padiglione, che ha assunto molte funzioni e forme nel corso della storia, ha la qualit\u00e0 di rimanere aperto a nuove definizioni e significati, proprio come l&#8217;Europa stessa.<\/p>\r\n\r\n\r\n\r\n<p><strong>Il processo<\/strong><\/p>\r\n\r\n\r\n\r\n<p><br \/>Il programma del Padiglione europeo \u00e8 stato sviluppato nel corso del 2020, in collaborazione con i professionisti dell&#8217;arte e i rappresentanti delle fondazioni: leggete il nostro primo <a href=\"https:\/\/culturalfoundation.eu\/stories\/the-european-pavilion-kick-off-meeting\/\">incontro di brainstorming<\/a>. \u00c8 stato realizzato in collaborazione e con il sostegno di partner chiave, tra cui la <a href=\"https:\/\/culturalfoundation.eu\/stories\/carmago-on-the-european-pavilion\/\">Fondazione Camargo<\/a>, la <a href=\"https:\/\/culturalfoundation.eu\/stories\/kultura-nova-on-the-european-pavilion\">Fondazione Kultura Nova<\/a> e la <a href=\"https:\/\/www.fondazionecrt.it\/en\/fondazione-crt.html\">Fondazione CRT<\/a>. Nell&#8217;ambito del nostro fondo &#8220;Cultura della solidariet\u00e0 2020&#8221;, abbiamo inoltre sostenuto <a href=\"https:\/\/culturalfoundation.eu\/stories\/grants-2020-for-initiatives-that-connect-with-the-european-pavilion\">una serie di organizzazioni<\/a> i cui progetti erano in linea con la visione e l&#8217;aspirazione del Padiglione. Costruire un Padiglione europeo \u00e8 un&#8217;impresa complessa. Per questo motivo, per tutto il 2020, ECF ha organizzato una serie di conversazioni con personalit\u00e0 del mondo dell&#8217;arte e della cultura, che sono state raccolte in una <a href=\"https:\/\/culturalfoundation.eu\/stories\/the-european-pavilion-the-podcast\">serie di podcast<\/a>.<\/p>\r\n\r\n\r\n\r\n<p>Il Padiglione europeo \u00e8 un programma pluriennale che ha accolto molti nuovi partner nel corso degli anni.\u00a0<br \/><br \/><\/p>\r\n<p>&nbsp;<\/p>\r\n<p>&nbsp;<\/p>\r\n<p>&nbsp;<\/p>\r\n<p>&nbsp;<\/p>\r\n<p>&nbsp;<\/p>\r\n","protected":false},"featured_media":1698,"template":"","_links":{"self":[{"href":"https:\/\/studiorizoma.org\/it\/wp-json\/wp\/v2\/project\/1687"}],"collection":[{"href":"https:\/\/studiorizoma.org\/it\/wp-json\/wp\/v2\/project"}],"about":[{"href":"https:\/\/studiorizoma.org\/it\/wp-json\/wp\/v2\/types\/project"}],"wp:featuredmedia":[{"embeddable":true,"href":"https:\/\/studiorizoma.org\/it\/wp-json\/wp\/v2\/media\/1698"}],"wp:attachment":[{"href":"https:\/\/studiorizoma.org\/it\/wp-json\/wp\/v2\/media?parent=1687"}],"curies":[{"name":"wp","href":"https:\/\/api.w.org\/{rel}","templated":true}]}}

<p><strong>Uno spazio per la sperimentazione e l&#8217;immaginazione</strong></p>



<p>Immaginare l&#8217;Europa di domani non è un compito facile. Non si tratta di partire da una pagina bianca né di seguire una narrazione preconcetta. Si tratta piuttosto di aggiungere note a piè di pagina e di creare spazi per l&#8217;immaginazione.<br />Il programma del Padiglione europeo è nato con l&#8217;ambizione di favorire uno spazio che incoraggiasse la sperimentazione e la riflessione sull&#8217;Europa. In collaborazione con i partner, si è proposto di sostenere una rete europea di organizzazioni artistiche e culturali che, attraverso progetti artistici ed educativi, offrissero l&#8217;opportunità di esplorare idee per un&#8217;Europa futura. Insieme abbiamo messo in discussione e cercato di visualizzare ciò che l&#8217;Europa è e, soprattutto, ciò che potrà diventare domani. Abbiamo raccontato storie, immaginato, ipotizzato.  E quale luogo migliore di un padiglione per questa iniziativa? Il padiglione, che ha assunto molte funzioni e forme nel corso della storia, ha la qualità di rimanere aperto a nuove definizioni e significati, proprio come l&#8217;Europa stessa.</p>



<p><strong>Il processo</strong></p>



<p><br />Il programma del Padiglione europeo è stato sviluppato nel corso del 2020, in collaborazione con i professionisti dell&#8217;arte e i rappresentanti delle fondazioni: leggete il nostro primo <a href="https://culturalfoundation.eu/stories/the-european-pavilion-kick-off-meeting/">incontro di brainstorming</a>. È stato realizzato in collaborazione e con il sostegno di partner chiave, tra cui la <a href="https://culturalfoundation.eu/stories/carmago-on-the-european-pavilion/">Fondazione Camargo</a>, la <a href="https://culturalfoundation.eu/stories/kultura-nova-on-the-european-pavilion">Fondazione Kultura Nova</a> e la <a href="https://www.fondazionecrt.it/en/fondazione-crt.html">Fondazione CRT</a>. Nell&#8217;ambito del nostro fondo &#8220;Cultura della solidarietà 2020&#8221;, abbiamo inoltre sostenuto <a href="https://culturalfoundation.eu/stories/grants-2020-for-initiatives-that-connect-with-the-european-pavilion">una serie di organizzazioni</a> i cui progetti erano in linea con la visione e l&#8217;aspirazione del Padiglione. Costruire un Padiglione europeo è un&#8217;impresa complessa. Per questo motivo, per tutto il 2020, ECF ha organizzato una serie di conversazioni con personalità del mondo dell&#8217;arte e della cultura, che sono state raccolte in una <a href="https://culturalfoundation.eu/stories/the-european-pavilion-the-podcast">serie di podcast</a>.</p>



<p>Il Padiglione europeo è un programma pluriennale che ha accolto molti nuovi partner nel corso degli anni. <br /><br /></p>
<p>&nbsp;</p>
<p>&nbsp;</p>
<p>&nbsp;</p>
<p>&nbsp;</p>
<p>&nbsp;</p>
