{"id":680,"date":"2022-05-08T17:02:20","date_gmt":"2022-05-08T15:02:20","guid":{"rendered":"https:\/\/studiorizoma.org\/event\/walk-we-wont-let-them-sleep-in-peace-connecting-colonial-traces-to-todays-racism-rete-anticoloniale-palermo\/"},"modified":"2022-05-20T15:53:11","modified_gmt":"2022-05-20T13:53:11","slug":"walk-we-wont-let-them-sleep-in-peace-connecting-colonial-traces-to-todays-racism-rete-anticoloniale-palermo","status":"publish","type":"event","link":"https:\/\/studiorizoma.org\/it\/eventi\/walk-we-wont-let-them-sleep-in-peace-connecting-colonial-traces-to-todays-racism-rete-anticoloniale-palermo\/","title":{"rendered":"Passeggiata\u2014We Won&#8217;t Let Them Sleep in Peace: Connecting Colonial Traces to today\u2019s Racism\u2014Rete Anticoloniale Palermo"},"content":{"rendered":"\n<p>La passeggiata si concentrer\u00e0 su strade e monumenti di Palermo che ancora celebrano il passato coloniale e fascista italiano e guarder\u00e0 al razzismo contemporaneo e alle strutture neocolonialiste. \u00c8 in continuit\u00e0 con il progetto Viva Menilicchi di Wu Ming 2 e Fare Ala mostrato durante Manifesta12, 2018 e con le diverse azioni anticoloniali che sono seguite.<\/p>\n","protected":false},"featured_media":681,"template":"","_links":{"self":[{"href":"https:\/\/studiorizoma.org\/it\/wp-json\/wp\/v2\/event\/680"}],"collection":[{"href":"https:\/\/studiorizoma.org\/it\/wp-json\/wp\/v2\/event"}],"about":[{"href":"https:\/\/studiorizoma.org\/it\/wp-json\/wp\/v2\/types\/event"}],"wp:featuredmedia":[{"embeddable":true,"href":"https:\/\/studiorizoma.org\/it\/wp-json\/wp\/v2\/media\/681"}],"wp:attachment":[{"href":"https:\/\/studiorizoma.org\/it\/wp-json\/wp\/v2\/media?parent=680"}],"curies":[{"name":"wp","href":"https:\/\/api.w.org\/{rel}","templated":true}]}}

<p>La passeggiata si concentrerà su strade e monumenti di Palermo che ancora celebrano il passato coloniale e fascista italiano e guarderà al razzismo contemporaneo e alle strutture neocolonialiste. È in continuità con il progetto Viva Menilicchi di Wu Ming 2 e Fare Ala mostrato durante Manifesta12, 2018 e con le diverse azioni anticoloniali che sono seguite.</p>
