{"id":6443,"date":"2026-04-09T17:52:05","date_gmt":"2026-04-09T15:52:05","guid":{"rendered":"https:\/\/studiorizoma.org\/?post_type=event&#038;p=6443"},"modified":"2026-04-20T09:39:21","modified_gmt":"2026-04-20T07:39:21","slug":"gestione-democratica-dellacqua-nel-mediterraneo-workshop","status":"publish","type":"event","link":"https:\/\/studiorizoma.org\/it\/eventi\/gestione-democratica-dellacqua-nel-mediterraneo-workshop\/","title":{"rendered":"GESTIONE DEMOCRATICA DELL\u2019ACQUA NEL MEDITERRANEO-WORKSHOP"},"content":{"rendered":"<p><strong>WORKSHOP<\/strong><\/p>\n<p><span style=\"font-weight: 400;\">Marted\u00ec 21 Aprile, Ore 15.00 &#8211; 18.00, Teatro Garibaldi<\/span><\/p>\n<p>&nbsp;<\/p>\n<div>L&#8217;acqua, oltre ad essere un tema forte sui giornali quano succedono eventi estreami , come gli allagamenti e alle siccit\u00e0 che caratterizzano i nostri territori, \u00e8 diventata anche vittima essa stessa della guerra. La &#8220;weaponization&#8221; delle acque nei constesti di guerra \u00e8 sotto gli occhi di tutti. Le dighe vengono attaccate, gli impanti di desalinizzazione distrutti o minacciati al pari dei siti strategici che sono di solito obiettivi militari. Allo stesso tempo, le Nazioni Unite hanno dedicato la Giornata Mondaiele dell&#8217;acqua 2026 ai temi di genere e dell&#8217;ugualianza, premendo per una pi\u00f9 gusta ed equa ripartizione della risorsa tra uomini e donne in contesti poveri e rurali, dove spesso le donne portano tutto il carico dell&#8217;approvigionamento idrico sulle loro teste e spalle. Infine , al netto dei conflitti bellici e alle disuguaglianze di genere con cui l&#8217;acqua viene fruita, c&#8217;\u00e8 l&#8217;emergenza climatica. Di nuovo: non ci puo essere transizione giusta senza un accesso equo e giusto all&#8217;acqua per tutti e senza che l&#8217;acqua venga protetta anche durante gli eventi bellici, a discapito dei civili.<\/div>\n<div><\/div>\n<div>Quali sono state e sono tuttora le strategie in difesa dell&#8217;acqua come bene comune e pubblico, contro l&#8217;accaparramento e la privatizzazione di questa risorsa? Chi sono gli attivisti, i difensori e le organizzazioni che nel mediterraneo si spendono e si sono spese per contrastare i processi di privatizzazione di questa risorsa?<br \/>\nDi questo parleremo al Festival.<\/div>\n<div><\/div>\n<div>\n<div>La <strong>Fondazione Heinrich B\u00f4ll<\/strong>, insieme alla preziosa collaborazione dell&#8217;esperta\u00a0<strong><span class=\"il\">Francesca<\/span>\u00a0<span class=\"il\">Greco<\/span><\/strong>, riunisce esperte ed attivisti da tutto il Mediterraneo per confrontarsi su problemi e soluzioni per una gestione equa e responsabile della\u00a0<span id=\"m_2309607498302955783m_-5348869422358676358GWPasted5f086eb478a275c28d43d861632a2d7714\">risorsa pi\u00f9 preziosa di tutte<\/span>.<\/div>\n<div><\/div>\n<div>\n<div>Intervengono:<\/div>\n<div><span id=\"m_2309607498302955783m_-5348869422358676358GWPasted5f086eb478a275c28d43d861632a2d7711\"><span id=\"m_2309607498302955783m_-5348869422358676358GWPasted5f086eb478a275c28d43d861632a2d7712\">Katerina Georgiadou (Grecia)<\/span><\/span><\/div>\n<div>Sammy Kayed (Libano)<\/div>\n<div>Dounia Mseffer (Marocco)<\/div>\n<div><span id=\"m_2309607498302955783m_-5348869422358676358GWPasted5f086eb478a275c28d43d861632a2d7710\">Muna Dajani<\/span> (Palestina)<\/div>\n<div>Emna Fourati (Tunisia)<\/div>\n<div><\/div>\n<div>\n<div>\n<div>Modera:\u00a0<span class=\"il\">Francesca<\/span>\u00a0<span class=\"il\">Greco<\/span><\/div>\n<\/div>\n<\/div>\n<div><span id=\"m_2309607498302955783m_-5348869422358676358GWPasted5f086eb478a275c28d43d861632a2d7713\"><\/span>Traduzione simultanea: Italiano-Francese &#8211; Greco &#8211; Inglese<\/div>\n<\/div>\n<\/div>\n<div><\/div>\n","protected":false},"featured_media":6506,"template":"","_links":{"self":[{"href":"https:\/\/studiorizoma.org\/it\/wp-json\/wp\/v2\/event\/6443"}],"collection":[{"href":"https:\/\/studiorizoma.org\/it\/wp-json\/wp\/v2\/event"}],"about":[{"href":"https:\/\/studiorizoma.org\/it\/wp-json\/wp\/v2\/types\/event"}],"wp:featuredmedia":[{"embeddable":true,"href":"https:\/\/studiorizoma.org\/it\/wp-json\/wp\/v2\/media\/6506"}],"wp:attachment":[{"href":"https:\/\/studiorizoma.org\/it\/wp-json\/wp\/v2\/media?parent=6443"}],"curies":[{"name":"wp","href":"https:\/\/api.w.org\/{rel}","templated":true}]}}

<p><strong>WORKSHOP</strong></p>
<p><span style="font-weight: 400;">Martedì 21 Aprile, Ore 15.00 &#8211; 18.00, Teatro Garibaldi</span></p>
<p>&nbsp;</p>
<div>L&#8217;acqua, oltre ad essere un tema forte sui giornali quano succedono eventi estreami , come gli allagamenti e alle siccità che caratterizzano i nostri territori, è diventata anche vittima essa stessa della guerra. La &#8220;weaponization&#8221; delle acque nei constesti di guerra è sotto gli occhi di tutti. Le dighe vengono attaccate, gli impanti di desalinizzazione distrutti o minacciati al pari dei siti strategici che sono di solito obiettivi militari. Allo stesso tempo, le Nazioni Unite hanno dedicato la Giornata Mondaiele dell&#8217;acqua 2026 ai temi di genere e dell&#8217;ugualianza, premendo per una più gusta ed equa ripartizione della risorsa tra uomini e donne in contesti poveri e rurali, dove spesso le donne portano tutto il carico dell&#8217;approvigionamento idrico sulle loro teste e spalle. Infine , al netto dei conflitti bellici e alle disuguaglianze di genere con cui l&#8217;acqua viene fruita, c&#8217;è l&#8217;emergenza climatica. Di nuovo: non ci puo essere transizione giusta senza un accesso equo e giusto all&#8217;acqua per tutti e senza che l&#8217;acqua venga protetta anche durante gli eventi bellici, a discapito dei civili.</div>
<div></div>
<div>Quali sono state e sono tuttora le strategie in difesa dell&#8217;acqua come bene comune e pubblico, contro l&#8217;accaparramento e la privatizzazione di questa risorsa? Chi sono gli attivisti, i difensori e le organizzazioni che nel mediterraneo si spendono e si sono spese per contrastare i processi di privatizzazione di questa risorsa?<br />
Di questo parleremo al Festival.</div>
<div></div>
<div>
<div>La <strong>Fondazione Heinrich Bôll</strong>, insieme alla preziosa collaborazione dell&#8217;esperta <strong><span class="il">Francesca</span> <span class="il">Greco</span></strong>, riunisce esperte ed attivisti da tutto il Mediterraneo per confrontarsi su problemi e soluzioni per una gestione equa e responsabile della <span id="m_2309607498302955783m_-5348869422358676358GWPasted5f086eb478a275c28d43d861632a2d7714">risorsa più preziosa di tutte</span>.</div>
<div></div>
<div>
<div>Intervengono:</div>
<div><span id="m_2309607498302955783m_-5348869422358676358GWPasted5f086eb478a275c28d43d861632a2d7711"><span id="m_2309607498302955783m_-5348869422358676358GWPasted5f086eb478a275c28d43d861632a2d7712">Katerina Georgiadou (Grecia)</span></span></div>
<div>Sammy Kayed (Libano)</div>
<div>Dounia Mseffer (Marocco)</div>
<div><span id="m_2309607498302955783m_-5348869422358676358GWPasted5f086eb478a275c28d43d861632a2d7710">Muna Dajani</span> (Palestina)</div>
<div>Emna Fourati (Tunisia)</div>
<div></div>
<div>
<div>
<div>Modera: <span class="il">Francesca</span> <span class="il">Greco</span></div>
</div>
</div>
<div><span id="m_2309607498302955783m_-5348869422358676358GWPasted5f086eb478a275c28d43d861632a2d7713"></span>Traduzione simultanea: Italiano-Francese &#8211; Greco &#8211; Inglese</div>
</div>
</div>
<div></div>
