{"id":6439,"date":"2026-04-09T17:44:55","date_gmt":"2026-04-09T15:44:55","guid":{"rendered":"https:\/\/studiorizoma.org\/?post_type=event&#038;p=6439"},"modified":"2026-04-18T15:30:47","modified_gmt":"2026-04-18T13:30:47","slug":"rivers-of-democracy","status":"publish","type":"event","link":"https:\/\/studiorizoma.org\/it\/eventi\/rivers-of-democracy\/","title":{"rendered":"RIVERS OF DEMOCRACY"},"content":{"rendered":"<p><strong>PASSEGGIATA<\/strong><\/p>\n<p><span style=\"font-weight: 400;\">Marted\u00ec, 21 Aprile, Ore 09.30, Fiume Pollina<\/span><\/p>\n<p>&nbsp;<\/p>\n<p><span style=\"font-weight: 400;\">Un viaggio trasformativo che connette l\u2019attivismo giovanile con i Diritti della Natura. Viaggeremo da Palermo <strong>al fiume Pollina<\/strong> per imparare da <strong>Rewilding Sicily<\/strong> sul ripristino locale dei fiumi e sulla personalit\u00e0 giuridica dell\u2019acqua.<\/span><\/p>\n<p>Questo evento esplorer\u00e0 i metodi di democrazia partecipativa utilizzati per rafforzare la partecipazione politica dei giovani. Concluder\u00e0 il progetto Speak Out, mostrando come i giovani possano promuovere un approccio pi\u00f9 democratico alle nostre istituzioni e alla politica informale. Allo stesso tempo, questo evento segna anche la continuazione del processo con il lancio di Rivers of Democracy, un progetto che promuove nuove relazioni con i fiumi di tutta Europa attraverso interventi artistici e impegno democratico.<\/p>\n<p>Con la partecipazione di:\u00a0 \u00a0 \u00a0 \u00a0 \u00a0 \u00a0 \u00a0 \u00a0 \u00a0 \u00a0 \u00a0 \u00a0 \u00a0 \u00a0 \u00a0 \u00a0 \u00a0 \u00a0 \u00a0 \u00a0 \u00a0 \u00a0 \u00a0 \u00a0 \u00a0 \u00a0 \u00a0 \u00a0 \u00a0 \u00a0 \u00a0 \u00a0 \u00a0 \u00a0 \u00a0 \u00a0 \u00a0 \u00a0 \u00a0 \u00a0 \u00a0 \u00a0 \u00a0 \u00a0 \u00a0 \u00a0 \u00a0 \u00a0 \u00a0 \u00a0 \u00a0 \u00a0 \u00a0 \u00a0 \u00a0 \u00a0 \u00a0 \u00a0 \u00a0 \u00a0 \u00a0 \u00a0 \u00a0 \u00a0 \u00a0 \u00a0 \u00a0 \u00a0 \u00a0 \u00a0 \u00a0 \u00a0 \u00a0 \u00a0 \u00a0 \u00a0 \u00a0 \u00a0 \u00a0 \u00a0 \u00a0 \u00a0 \u00a0 \u00a0 \u00a0 \u00a0 \u00a0 \u00a0 \u00a0 \u00a0 \u00a0 \u00a0 \u00a0 \u00a0 \u00a0 \u00a0 \u00a0 \u00a0 \u00a0 \u00a0 \u00a0 \u00a0 \u00a0 <strong>Oph\u00e9lie Masson<\/strong>, Representative of Speak Out\u00a0 \u00a0 \u00a0 \u00a0 \u00a0 \u00a0 \u00a0 \u00a0 \u00a0 \u00a0 \u00a0 \u00a0 \u00a0 \u00a0 \u00a0 \u00a0 \u00a0 \u00a0 \u00a0 \u00a0 \u00a0 \u00a0 \u00a0 \u00a0 \u00a0 \u00a0 \u00a0 \u00a0 \u00a0 \u00a0 \u00a0 \u00a0 \u00a0 \u00a0 \u00a0 \u00a0 \u00a0 \u00a0 \u00a0 \u00a0 \u00a0 \u00a0 \u00a0 \u00a0 \u00a0 \u00a0 \u00a0 \u00a0 \u00a0 \u00a0 \u00a0 \u00a0 \u00a0 \u00a0 \u00a0 \u00a0 \u00a0 \u00a0 \u00a0 \u00a0 \u00a0\u00a0 \u00a0 \u00a0 \u00a0 \u00a0 \u00a0 \u00a0 \u00a0 \u00a0 \u00a0 \u00a0 \u00a0 \u00a0 \u00a0 \u00a0 \u00a0 \u00a0 \u00a0 \u00a0 \u00a0 \u00a0 \u00a0 \u00a0 <strong>Hanna Rasper<\/strong>, collettivo Rewild Sicily and policy makers\u00a0 \u00a0 \u00a0 \u00a0 \u00a0 \u00a0 \u00a0 \u00a0 \u00a0 \u00a0 \u00a0 \u00a0 \u00a0 \u00a0 \u00a0 \u00a0 \u00a0 \u00a0 \u00a0 \u00a0 \u00a0 \u00a0 \u00a0 \u00a0 \u00a0 \u00a0 \u00a0 \u00a0 \u00a0 \u00a0 \u00a0 \u00a0 \u00a0 \u00a0 \u00a0 \u00a0 \u00a0 \u00a0 \u00a0 \u00a0 \u00a0 \u00a0 \u00a0 \u00a0 \u00a0 \u00a0 \u00a0 \u00a0 \u00a0 \u00a0 \u00a0 \u00a0 \u00a0 \u00a0 \u00a0 \u00a0 \u00a0 \u00a0 \u00a0 \u00a0 \u00a0 \u00a0 \u00a0 \u00a0 \u00a0 \u00a0 \u00a0 \u00a0 \u00a0 \u00a0 \u00a0 \u00a0 \u00a0 \u00a0 <strong>Fabrizio Lo Verso<\/strong>, Assessore Alle Politiche Giovanili ai Beni Culturali e alla Cultura del Comune di Monreale\u00a0 \u00a0 \u00a0 \u00a0 \u00a0 \u00a0 \u00a0 \u00a0 \u00a0 \u00a0 \u00a0 \u00a0 \u00a0 \u00a0 \u00a0 \u00a0 \u00a0 \u00a0 \u00a0 \u00a0 \u00a0 \u00a0 \u00a0 \u00a0 \u00a0 \u00a0 \u00a0 <strong>Ilaria Cascino<\/strong>, ex vice presidente della Consulta Giovanile del Comune di Monreale<\/p>\n<p>&nbsp;<\/p>\n<p><strong><a href=\"https:\/\/docs.google.com\/forms\/d\/e\/1FAIpQLScoM-d-hUMQh_aFd_wro0_yKGcflLTwugrikswBKgA5UYSGAQ\/viewform\">Registrati qui!<\/a><\/strong><\/p>\n<p><span style=\"font-weight: 400;\">Lingua: Italiano e inglese<\/span><\/p>\n<p><a href=\"https:\/\/studiorizoma.org\/it\/project\/building-bridges-bridgeurope\/attachment\/eu\/\" rel=\"attachment wp-att-4574\"><img loading=\"lazy\" class=\"alignnone size-full wp-image-4574\" src=\"https:\/\/studiorizoma.org\/wp-content\/uploads\/2024\/07\/eu.png\" alt=\"\" width=\"150\" height=\"150\" \/><\/a><\/p>\n","protected":false},"featured_media":6440,"template":"","_links":{"self":[{"href":"https:\/\/studiorizoma.org\/it\/wp-json\/wp\/v2\/event\/6439"}],"collection":[{"href":"https:\/\/studiorizoma.org\/it\/wp-json\/wp\/v2\/event"}],"about":[{"href":"https:\/\/studiorizoma.org\/it\/wp-json\/wp\/v2\/types\/event"}],"wp:featuredmedia":[{"embeddable":true,"href":"https:\/\/studiorizoma.org\/it\/wp-json\/wp\/v2\/media\/6440"}],"wp:attachment":[{"href":"https:\/\/studiorizoma.org\/it\/wp-json\/wp\/v2\/media?parent=6439"}],"curies":[{"name":"wp","href":"https:\/\/api.w.org\/{rel}","templated":true}]}}

<p><strong>PASSEGGIATA</strong></p>
<p><span style="font-weight: 400;">Martedì, 21 Aprile, Ore 09.30, Fiume Pollina</span></p>
<p>&nbsp;</p>
<p><span style="font-weight: 400;">Un viaggio trasformativo che connette l’attivismo giovanile con i Diritti della Natura. Viaggeremo da Palermo <strong>al fiume Pollina</strong> per imparare da <strong>Rewilding Sicily</strong> sul ripristino locale dei fiumi e sulla personalità giuridica dell’acqua.</span></p>
<p>Questo evento esplorerà i metodi di democrazia partecipativa utilizzati per rafforzare la partecipazione politica dei giovani. Concluderà il progetto Speak Out, mostrando come i giovani possano promuovere un approccio più democratico alle nostre istituzioni e alla politica informale. Allo stesso tempo, questo evento segna anche la continuazione del processo con il lancio di Rivers of Democracy, un progetto che promuove nuove relazioni con i fiumi di tutta Europa attraverso interventi artistici e impegno democratico.</p>
<p>Con la partecipazione di:                                                                                                                                                                                                              <strong>Ophélie Masson</strong>, Representative of Speak Out                                                                                                                                                                       <strong>Hanna Rasper</strong>, collettivo Rewild Sicily and policy makers                                                                                                                                                    <strong>Fabrizio Lo Verso</strong>, Assessore Alle Politiche Giovanili ai Beni Culturali e alla Cultura del Comune di Monreale                                                      <strong>Ilaria Cascino</strong>, ex vice presidente della Consulta Giovanile del Comune di Monreale</p>
<p>&nbsp;</p>
<p><strong><a href="https://docs.google.com/forms/d/e/1FAIpQLScoM-d-hUMQh_aFd_wro0_yKGcflLTwugrikswBKgA5UYSGAQ/viewform">Registrati qui!</a></strong></p>
<p><span style="font-weight: 400;">Lingua: Italiano e inglese</span></p>
<p><a href="https://studiorizoma.org/it/project/building-bridges-bridgeurope/attachment/eu/" rel="attachment wp-att-4574"><img loading="lazy" class="alignnone size-full wp-image-4574" src="https://studiorizoma.org/wp-content/uploads/2024/07/eu.png" alt="" width="150" height="150" /></a></p>
