{"id":3961,"date":"2023-09-28T17:29:39","date_gmt":"2023-09-28T15:29:39","guid":{"rendered":"https:\/\/studiorizoma.org\/?post_type=event&#038;p=3961"},"modified":"2023-09-28T17:29:40","modified_gmt":"2023-09-28T15:29:40","slug":"transeuropa-festival","status":"publish","type":"event","link":"https:\/\/studiorizoma.org\/it\/eventi\/transeuropa-festival\/","title":{"rendered":"TRANSEUROPA FESTIVAL"},"content":{"rendered":"\n<p>TRANSEUROPA \u00e8 un festival transnazionale artistico, culturale e politico organizzato da European Alternatives dal 2007. Nell&#8217;ultimo decennio, TRANSEUROPA ha attirato migliaia di visitatori e partecipanti attivi attraverso una struttura di eventi decentrati in oltre una dozzina di citt\u00e0 europee e un momento di alto profilo presso una citt\u00e0. Per l&#8217;edizione 2023, la citt\u00e0 principale di TRANSEUROPA \u00e8 Cluj e si svolger\u00e0 dall&#8217;11 al 15 ottobre 2023.<\/p>\n\n\n\n<p><\/p>\n\n\n\n<p>La nuova edizione di Transeuropa si svolge a Cluj e presenta un ricco programma di eventi preparati in collaborazione con i partner locali della citt\u00e0. Il programma prevede spettacoli, mostre, assemblee aperte, proiezioni, dibattiti, laboratori ed eventi comunitari.<\/p>\n\n\n\n<p><\/p>\n\n\n\n<p>Per l&#8217;occasione presenteremo <strong>Kumeta<\/strong>, una videoinstallazione di <strong>Genny Petrott<\/strong>a. L&#8217;installazione \u00e8 il primo atto del progetto &#8220;M\u00cbMA M\u00cb FAL (Mamma Perdonami)&#8221;. La videoartista di Piana degli Albanesi racconta la storia della Repubblica Contadina, fondata nel suo paese natale verso la fine della Seconda Guerra Mondiale sotto la guida del prozio Giacomo Petrotta, e ne rievoca la violenta repressione dopo 50 giorni.<\/p>\n\n\n\n<p><\/p>\n\n\n\n<p><strong>IL TEMA<\/strong><\/p>\n\n\n\n<p>L&#8217;edizione di quest&#8217;anno del festival TRANSEUROPA chiede ai partecipanti, innanzitutto, in che tipo di ambiente vogliono vivere? Quando pensiamo all&#8217;ambiente ideale, a dove vogliamo vivere, a come vogliamo plasmare il mondo che ci circonda, pensiamo al futuro, ai nostri nipoti e a come sar\u00e0 il mondo tra cento anni. Quando guardiamo cos\u00ec lontano, tutto ci\u00f2 che immaginiamo diventa inafferrabile, tutto sembra una finzione, una congettura, una possibilit\u00e0. Per noi lavorare con l&#8217;immaginazione e la fantasia ha un grande valore, perch\u00e9 ci ispira e ci motiva, e spesso \u00e8 un rimedio alla dura realt\u00e0. Tuttavia, pensiamo anche che sia importante provare a riflettere insieme su questi temi nel prossimo futuro, per immaginare come sar\u00e0 il nostro ambiente, ad esempio, tra cinque o dieci anni.<\/p>\n\n\n\n<p><\/p>\n\n\n\n<p>\u00c8 anche importante considerare come condividiamo gli spazi tra di noi e con le altre specie. Quali spazi sono accessibili a chi e quali comunit\u00e0 e gruppi sono costantemente esclusi, cosa possiamo fare per creare spazi inclusivi? Quando pensiamo a chi, spesso dimentichiamo che esistono esseri viventi al di fuori della specie umana. Dove sono i confini spaziali tra gli spazi utilizzati dagli esseri umani e il regno animale? Come possiamo &#8220;ri-selvatalizzare&#8221; gli spazi? Dopo tutto, gli esseri umani possono essere arrivati in cima alla piramide addomesticando il loro ambiente. Hanno creato spazi artificiali per il loro comfort e la loro sicurezza. E tutto ci\u00f2 che l&#8217;umanit\u00e0 ha toccato porta con s\u00e9 l&#8217;impronta dell&#8217;artificialit\u00e0.<\/p>\n\n\n\n<p><\/p>\n\n\n\n<p>Il pianeta \u00e8 diviso in due parti, una dalla presenza della razza umana e l&#8217;altra da tutto ci\u00f2 che chiamiamo natura. Allo stesso tempo, dobbiamo pensare a cosa fare con l&#8217;intelligenza artificiale, a cosa pensare dei programmi, dei robot e dei cyborg. Per cosa vogliamo usare queste creature e quanto spazio e libert\u00e0 vogliamo concedere loro. Naturalmente, \u00e8 anche molto importante guardare a ci\u00f2 che pensiamo della razza umana. In che tipo di sistemi pensiamo, in quanti tipi e tipologie di identit\u00e0 possiamo identificarci?<\/p>\n\n\n\n<p><\/p>\n\n\n\n<p>Possiamo stabilire per chi sono disponibili determinati spazi fisici? Questi spazi sono davvero disponibili? Sono solo un&#8217;illusione? Quanto siamo consapevoli di chi ha creato questi spazi e con quali intenzioni? In quale direzione cambiano questi spazi, in quale direzione cambiano le intenzioni? Di chi sono le esigenze decisive? Quando parliamo di un particolare spazio fisico, dobbiamo anche tenere conto del fatto che esistono contemporaneamente molti spazi che non sono pi\u00f9 visibili. Allo stesso tempo, le possibili alternative allo spazio sono tutte presenti. Siamo in grado di cogliere la multidimensionalit\u00e0 degli spazi? Possiamo affrontarla consapevolmente? Sotto le tonnellate di cemento c&#8217;\u00e8 la terra. E i fili d&#8217;erba si fanno strada attraverso questo cemento duro ed escono da sotto, proprio come nel passato.<\/p>\n\n\n\n<p><\/p>\n\n\n\n<p>Il motto dell&#8217;edizione di quest&#8217;anno \u00e8 &#8220;Holding Spaces&#8221;. Tenere insieme gli spazi \u00e8 importante non solo in senso fisico, ma anche in senso simbolico. \u00c8 importante riesaminare i valori che ci stanno a cuore e che dovrebbero reclamare non solo gli spazi fisici, ma anche quelli virtuali e i meta-spazi. Dobbiamo recuperare non solo gli spazi del nostro habitat, ma lo spazio del discorso, lo spazio della comprensione, lo spazio della cura, lo spazio dell&#8217;apprendimento, lo spazio del cambiamento.<\/p>\n\n\n\n<p><\/p>\n\n\n\n<p><strong>PER PARTECIPARE<\/strong><\/p>\n\n\n\n<p><\/p>\n\n\n\n<p>Tutti gli slot del programma sono aperti e gratuiti &#8211; solo alcune parti del programma necessitano di registrazione. Le iscrizioni si apriranno a settembre.<\/p>\n\n\n\n<p><\/p>\n\n\n\n<p>Il progetto \u00e8 realizzato da European Alternatives e finanziato dall&#8217;Unione Europea. Con il supporto di Erste Stiftung. In collaborazione con Fondazione Studio Rizoma, Tranzit House, ZIZ Art and Social Area, Cinema Arta, Reactor, Radio Pata and Casi Sociale Acum!<\/p>\n","protected":false},"featured_media":3962,"template":"","_links":{"self":[{"href":"https:\/\/studiorizoma.org\/it\/wp-json\/wp\/v2\/event\/3961"}],"collection":[{"href":"https:\/\/studiorizoma.org\/it\/wp-json\/wp\/v2\/event"}],"about":[{"href":"https:\/\/studiorizoma.org\/it\/wp-json\/wp\/v2\/types\/event"}],"wp:featuredmedia":[{"embeddable":true,"href":"https:\/\/studiorizoma.org\/it\/wp-json\/wp\/v2\/media\/3962"}],"wp:attachment":[{"href":"https:\/\/studiorizoma.org\/it\/wp-json\/wp\/v2\/media?parent=3961"}],"curies":[{"name":"wp","href":"https:\/\/api.w.org\/{rel}","templated":true}]}}

<p>TRANSEUROPA è un festival transnazionale artistico, culturale e politico organizzato da European Alternatives dal 2007. Nell&#8217;ultimo decennio, TRANSEUROPA ha attirato migliaia di visitatori e partecipanti attivi attraverso una struttura di eventi decentrati in oltre una dozzina di città europee e un momento di alto profilo presso una città. Per l&#8217;edizione 2023, la città principale di TRANSEUROPA è Cluj e si svolgerà dall&#8217;11 al 15 ottobre 2023.</p>



<p></p>



<p>La nuova edizione di Transeuropa si svolge a Cluj e presenta un ricco programma di eventi preparati in collaborazione con i partner locali della città. Il programma prevede spettacoli, mostre, assemblee aperte, proiezioni, dibattiti, laboratori ed eventi comunitari.</p>



<p></p>



<p>Per l&#8217;occasione presenteremo <strong>Kumeta</strong>, una videoinstallazione di <strong>Genny Petrott</strong>a. L&#8217;installazione è il primo atto del progetto &#8220;MËMA MË FAL (Mamma Perdonami)&#8221;. La videoartista di Piana degli Albanesi racconta la storia della Repubblica Contadina, fondata nel suo paese natale verso la fine della Seconda Guerra Mondiale sotto la guida del prozio Giacomo Petrotta, e ne rievoca la violenta repressione dopo 50 giorni.</p>



<p></p>



<p><strong>IL TEMA</strong></p>



<p>L&#8217;edizione di quest&#8217;anno del festival TRANSEUROPA chiede ai partecipanti, innanzitutto, in che tipo di ambiente vogliono vivere? Quando pensiamo all&#8217;ambiente ideale, a dove vogliamo vivere, a come vogliamo plasmare il mondo che ci circonda, pensiamo al futuro, ai nostri nipoti e a come sarà il mondo tra cento anni. Quando guardiamo così lontano, tutto ciò che immaginiamo diventa inafferrabile, tutto sembra una finzione, una congettura, una possibilità. Per noi lavorare con l&#8217;immaginazione e la fantasia ha un grande valore, perché ci ispira e ci motiva, e spesso è un rimedio alla dura realtà. Tuttavia, pensiamo anche che sia importante provare a riflettere insieme su questi temi nel prossimo futuro, per immaginare come sarà il nostro ambiente, ad esempio, tra cinque o dieci anni.</p>



<p></p>



<p>È anche importante considerare come condividiamo gli spazi tra di noi e con le altre specie. Quali spazi sono accessibili a chi e quali comunità e gruppi sono costantemente esclusi, cosa possiamo fare per creare spazi inclusivi? Quando pensiamo a chi, spesso dimentichiamo che esistono esseri viventi al di fuori della specie umana. Dove sono i confini spaziali tra gli spazi utilizzati dagli esseri umani e il regno animale? Come possiamo &#8220;ri-selvatalizzare&#8221; gli spazi? Dopo tutto, gli esseri umani possono essere arrivati in cima alla piramide addomesticando il loro ambiente. Hanno creato spazi artificiali per il loro comfort e la loro sicurezza. E tutto ciò che l&#8217;umanità ha toccato porta con sé l&#8217;impronta dell&#8217;artificialità.</p>



<p></p>



<p>Il pianeta è diviso in due parti, una dalla presenza della razza umana e l&#8217;altra da tutto ciò che chiamiamo natura. Allo stesso tempo, dobbiamo pensare a cosa fare con l&#8217;intelligenza artificiale, a cosa pensare dei programmi, dei robot e dei cyborg. Per cosa vogliamo usare queste creature e quanto spazio e libertà vogliamo concedere loro. Naturalmente, è anche molto importante guardare a ciò che pensiamo della razza umana. In che tipo di sistemi pensiamo, in quanti tipi e tipologie di identità possiamo identificarci?</p>



<p></p>



<p>Possiamo stabilire per chi sono disponibili determinati spazi fisici? Questi spazi sono davvero disponibili? Sono solo un&#8217;illusione? Quanto siamo consapevoli di chi ha creato questi spazi e con quali intenzioni? In quale direzione cambiano questi spazi, in quale direzione cambiano le intenzioni? Di chi sono le esigenze decisive? Quando parliamo di un particolare spazio fisico, dobbiamo anche tenere conto del fatto che esistono contemporaneamente molti spazi che non sono più visibili. Allo stesso tempo, le possibili alternative allo spazio sono tutte presenti. Siamo in grado di cogliere la multidimensionalità degli spazi? Possiamo affrontarla consapevolmente? Sotto le tonnellate di cemento c&#8217;è la terra. E i fili d&#8217;erba si fanno strada attraverso questo cemento duro ed escono da sotto, proprio come nel passato.</p>



<p></p>



<p>Il motto dell&#8217;edizione di quest&#8217;anno è &#8220;Holding Spaces&#8221;. Tenere insieme gli spazi è importante non solo in senso fisico, ma anche in senso simbolico. È importante riesaminare i valori che ci stanno a cuore e che dovrebbero reclamare non solo gli spazi fisici, ma anche quelli virtuali e i meta-spazi. Dobbiamo recuperare non solo gli spazi del nostro habitat, ma lo spazio del discorso, lo spazio della comprensione, lo spazio della cura, lo spazio dell&#8217;apprendimento, lo spazio del cambiamento.</p>



<p></p>



<p><strong>PER PARTECIPARE</strong></p>



<p></p>



<p>Tutti gli slot del programma sono aperti e gratuiti &#8211; solo alcune parti del programma necessitano di registrazione. Le iscrizioni si apriranno a settembre.</p>



<p></p>



<p>Il progetto è realizzato da European Alternatives e finanziato dall&#8217;Unione Europea. Con il supporto di Erste Stiftung. In collaborazione con Fondazione Studio Rizoma, Tranzit House, ZIZ Art and Social Area, Cinema Arta, Reactor, Radio Pata and Casi Sociale Acum!</p>
