{"id":3692,"date":"2023-05-31T12:35:43","date_gmt":"2023-05-31T10:35:43","guid":{"rendered":"https:\/\/studiorizoma.org\/?post_type=event&#038;p=3692"},"modified":"2023-06-28T11:10:35","modified_gmt":"2023-06-28T09:10:35","slug":"installazione-lettura-genny-petrotta-kumeta","status":"publish","type":"event","link":"https:\/\/studiorizoma.org\/it\/eventi\/installazione-lettura-genny-petrotta-kumeta\/","title":{"rendered":"INSTALLAZIONE &#038; LETTURA \u2013 Genny Petrotta: KUMETA"},"content":{"rendered":"\n<p>Kumeta \u00e8 una videoinstallazione di Genny Petrotta e il primo atto del progetto \u201cM\u00cbMA M\u00cb FAL (Mamma Perdonami)\u201d. La videoartista di Piana degli Albanesi racconta la storia della Repubblica Contadina, fondata nel suo paese natale verso la fine della Seconda Guerra Mondiale sotto la guida del prozio Giacomo Petrotta, e ne rievoca la violenta repressione dopo 50 giorni.<\/p>\n\n\n\n<p>In una notte fredda e piovosa tra il 19 e il 20 febbraio 1945, una folla imponente di circa 2.000 uomini si mise ad assediare una citt\u00e0 devastata dalla guerra e dalla carestia. Vennero arrestati 120 anziani e giovani, tra cui Giacomo Petrotta. Fu torturato per 10 giorni, messo in agonia in posizione supina su una cassa di 1 metro per 80 \u2013 la cosiddetta \u201ccassa di tortura\u201d. Le sue mani e i suoi piedi furono fatti penzolare e legati ai lati della scatola con sottili corde metalliche. Venne spruzzato con acqua e sale e frustato ripetutamente.<\/p>\n\n\n\n<p>In un intervento artistico sulla tortura e la repressione di Stato, Genny Petrotta ha invitato i due scultori Francesco Albano e Simone Zanaglia a levigare e lucidare una porzione rettangolare della facciata in roccia della cava di marmo che sovrasta il paese. La superficie levigata ha le stesse dimensioni della cassa in cui venivano tenuti i prigionieri durante le torture. I marmi rossi evocano la carne umana e la levigatura diventa il gesto di accarezzare un corpo dolorante. La parete esposta a nord del \u201cMonte Kumeta\u201d, dove si svolge l\u2019intervento, \u00e8 anche teatro di un massacro avvenuto il 1\u00b0 maggio 1947 a Portella della Ginestra.<\/p>\n\n\n\n<p>L\u2019intervento scultoreo di levigatura e lucidatura \u00e8 stato filmato per Kumeta. La presentazione della videoinstallazione sar\u00e0 esposta accanto all\u2019ex carcere di Piana degli Albanesi.<\/p>\n\n\n\n<p><\/p>\n\n\n\n<p>Per prenotare un posto in navetta Stazione Centrale di Palermo &#8211; Piana degli Albanesi scrivere a info@studiorizoma.org.<br>Costo navetta: A\/R 10 euro. Orari navetta: partenza Palermo 19.00 \/ partenza Piana degli Albanesi 00.00.<\/p>\n\n\n\n<p><\/p>\n\n\n\n<p>&#8212;<\/p>\n\n\n\n<p>Genny Petrotta \u00e8 un&#8217;artista visiva di Piana degli Albanesi che vive e lavora a Palermo. Ha iniziato a collaborare con Fondazione Studio Rizoma nel 2021 come responsabile della fotografia in un intervento performativo dell&#8217;artista libanese Lily Abichahine nell&#8217;ambito del Festival BETWEEN LAND AND SEA a Palermo.<\/p>\n\n\n\n<p>&#8212;<\/p>\n\n\n\n<p><\/p>\n\n\n\n<p><em>KUMETA e M\u00cbMA M\u00cb FAL \u00e8 prodotto da Fondazione Studio Rizoma e da Gen\u00eca Lab Art.&nbsp;<\/em><\/p>\n\n\n\n<p><em>Artista: Genny Petrotta | In collaborazione con: Francesco Albano e Simone Zanaglia | Curatela e drammaturgia: Eva-Maria Bertschy | Sound design: Angelo Sicurella | Camera, sceneggiatura e montaggio: Genny Petrotta I Traduzione poetica dall\u2019italiano all\u2019arbresh\u00eb: Giuseppe Schir\u00f2 di Modica | Produzione: Giorgio Mega<\/em> | <em>Direzione della fotografia per le riprese in pellicola: Nick Gordon. \/\/stampa e sviluppo pellicola : Augustus Color \/\/ operatore drone: Antonio Giua\/\/ service tecnico : Sinergie group. ringraziamenti: Enza Di Vincenzo, Sebastiano Petrotta, Giovanna Renda, Angela Lanza, Il Pavone, Stefania Artusi, Paolo Benzi, Beatrice Gibson, Sabino Civilleri, Francesco di Ges\u00f9, Laura Barreca, Piera Fallucca, Rosario Petta, Gaspare Siragusa, Nino Schir\u00f2, Tanino Biscari, La protezione Civile di Piana degli Albanesi.<\/em><\/p>\n\n\n\n<p><\/p>\n\n\n\n<p>Con il supporto di:<\/p>\n\n\n\n<figure class=\"wp-block-image size-large\"><img loading=\"lazy\" width=\"1024\" height=\"273\" src=\"https:\/\/studiorizoma.org\/wp-content\/uploads\/2023\/05\/gt-2-1536x410-1-1024x273.jpg\" alt=\"\" class=\"wp-image-3693\" srcset=\"https:\/\/studiorizoma.org\/wp-content\/uploads\/2023\/05\/gt-2-1536x410-1-1024x273.jpg 1024w, https:\/\/studiorizoma.org\/wp-content\/uploads\/2023\/05\/gt-2-1536x410-1-300x80.jpg 300w, https:\/\/studiorizoma.org\/wp-content\/uploads\/2023\/05\/gt-2-1536x410-1-768x205.jpg 768w, https:\/\/studiorizoma.org\/wp-content\/uploads\/2023\/05\/gt-2-1536x410-1.jpg 1536w\" sizes=\"(max-width: 1024px) 100vw, 1024px\" \/><\/figure>\n\n\n\n<p><\/p>\n","protected":false},"featured_media":3546,"template":"","_links":{"self":[{"href":"https:\/\/studiorizoma.org\/it\/wp-json\/wp\/v2\/event\/3692"}],"collection":[{"href":"https:\/\/studiorizoma.org\/it\/wp-json\/wp\/v2\/event"}],"about":[{"href":"https:\/\/studiorizoma.org\/it\/wp-json\/wp\/v2\/types\/event"}],"wp:featuredmedia":[{"embeddable":true,"href":"https:\/\/studiorizoma.org\/it\/wp-json\/wp\/v2\/media\/3546"}],"wp:attachment":[{"href":"https:\/\/studiorizoma.org\/it\/wp-json\/wp\/v2\/media?parent=3692"}],"curies":[{"name":"wp","href":"https:\/\/api.w.org\/{rel}","templated":true}]}}

<p>Kumeta è una videoinstallazione di Genny Petrotta e il primo atto del progetto “MËMA MË FAL (Mamma Perdonami)”. La videoartista di Piana degli Albanesi racconta la storia della Repubblica Contadina, fondata nel suo paese natale verso la fine della Seconda Guerra Mondiale sotto la guida del prozio Giacomo Petrotta, e ne rievoca la violenta repressione dopo 50 giorni.</p>



<p>In una notte fredda e piovosa tra il 19 e il 20 febbraio 1945, una folla imponente di circa 2.000 uomini si mise ad assediare una città devastata dalla guerra e dalla carestia. Vennero arrestati 120 anziani e giovani, tra cui Giacomo Petrotta. Fu torturato per 10 giorni, messo in agonia in posizione supina su una cassa di 1 metro per 80 – la cosiddetta “cassa di tortura”. Le sue mani e i suoi piedi furono fatti penzolare e legati ai lati della scatola con sottili corde metalliche. Venne spruzzato con acqua e sale e frustato ripetutamente.</p>



<p>In un intervento artistico sulla tortura e la repressione di Stato, Genny Petrotta ha invitato i due scultori Francesco Albano e Simone Zanaglia a levigare e lucidare una porzione rettangolare della facciata in roccia della cava di marmo che sovrasta il paese. La superficie levigata ha le stesse dimensioni della cassa in cui venivano tenuti i prigionieri durante le torture. I marmi rossi evocano la carne umana e la levigatura diventa il gesto di accarezzare un corpo dolorante. La parete esposta a nord del “Monte Kumeta”, dove si svolge l’intervento, è anche teatro di un massacro avvenuto il 1° maggio 1947 a Portella della Ginestra.</p>



<p>L’intervento scultoreo di levigatura e lucidatura è stato filmato per Kumeta. La presentazione della videoinstallazione sarà esposta accanto all’ex carcere di Piana degli Albanesi.</p>



<p></p>



<p>Per prenotare un posto in navetta Stazione Centrale di Palermo &#8211; Piana degli Albanesi scrivere a info@studiorizoma.org.<br>Costo navetta: A/R 10 euro. Orari navetta: partenza Palermo 19.00 / partenza Piana degli Albanesi 00.00.</p>



<p></p>



<p>&#8212;</p>



<p>Genny Petrotta è un&#8217;artista visiva di Piana degli Albanesi che vive e lavora a Palermo. Ha iniziato a collaborare con Fondazione Studio Rizoma nel 2021 come responsabile della fotografia in un intervento performativo dell&#8217;artista libanese Lily Abichahine nell&#8217;ambito del Festival BETWEEN LAND AND SEA a Palermo.</p>



<p>&#8212;</p>



<p></p>



<p><em>KUMETA e MËMA MË FAL è prodotto da Fondazione Studio Rizoma e da Genìa Lab Art.&nbsp;</em></p>



<p><em>Artista: Genny Petrotta | In collaborazione con: Francesco Albano e Simone Zanaglia | Curatela e drammaturgia: Eva-Maria Bertschy | Sound design: Angelo Sicurella | Camera, sceneggiatura e montaggio: Genny Petrotta I Traduzione poetica dall’italiano all’arbreshë: Giuseppe Schirò di Modica | Produzione: Giorgio Mega</em> | <em>Direzione della fotografia per le riprese in pellicola: Nick Gordon. //stampa e sviluppo pellicola : Augustus Color // operatore drone: Antonio Giua// service tecnico : Sinergie group. ringraziamenti: Enza Di Vincenzo, Sebastiano Petrotta, Giovanna Renda, Angela Lanza, Il Pavone, Stefania Artusi, Paolo Benzi, Beatrice Gibson, Sabino Civilleri, Francesco di Gesù, Laura Barreca, Piera Fallucca, Rosario Petta, Gaspare Siragusa, Nino Schirò, Tanino Biscari, La protezione Civile di Piana degli Albanesi.</em></p>



<p></p>



<p>Con il supporto di:</p>



<figure class="wp-block-image size-large"><img loading="lazy" width="1024" height="273" src="https://studiorizoma.org/wp-content/uploads/2023/05/gt-2-1536x410-1-1024x273.jpg" alt="" class="wp-image-3693" srcset="https://studiorizoma.org/wp-content/uploads/2023/05/gt-2-1536x410-1-1024x273.jpg 1024w, https://studiorizoma.org/wp-content/uploads/2023/05/gt-2-1536x410-1-300x80.jpg 300w, https://studiorizoma.org/wp-content/uploads/2023/05/gt-2-1536x410-1-768x205.jpg 768w, https://studiorizoma.org/wp-content/uploads/2023/05/gt-2-1536x410-1.jpg 1536w" sizes="(max-width: 1024px) 100vw, 1024px" /></figure>



<p></p>
