{"id":3682,"date":"2023-05-31T12:04:43","date_gmt":"2023-05-31T10:04:43","guid":{"rendered":"https:\/\/studiorizoma.org\/?post_type=event&#038;p=3682"},"modified":"2023-06-15T12:53:52","modified_gmt":"2023-06-15T10:53:52","slug":"concerto-pedro-oliveira-desmonte","status":"publish","type":"event","link":"https:\/\/studiorizoma.org\/it\/eventi\/concerto-pedro-oliveira-desmonte\/","title":{"rendered":"CONCERTO &#8211; Pedro Oliveira: DESMONTE"},"content":{"rendered":"\n<p>Originariamente commissionata dal Festival Novas Frequ\u00eancias di Rio De Janeiro nel 2021, DESMONTE \u00e8 una composizione e performance dal vivo per sintetizzatore modulare e voce preregistrata presentata da Pedro Oliveira per Between Land and Sea.<\/p>\n\n\n\n<p><\/p>\n\n\n\n<p>Un\u2019esplorazione sonora sui postumi del colonialismo e sulla violenza dei confini, che cerca di sradicare la voce dal corpo e il corpo dall\u2019origine. Uno studio sui limiti e i fallimenti dell\u2019ascolto (meccanico), la composizione si appropria e abusa di tecniche spettrali simili a quelle del cosiddetto \u201csoftware di riconoscimento dialettale\u201d, una tecnologia proprietaria in uso per i casi di richiedenti asilo senza documenti in Germania. Quando la voce della cantante death metal Fernanda Lira si disfa del software, il suo timbro subisce le mutazioni pi\u00f9 estreme, spingendosi ben oltre le confortanti soglie percettive del riconoscimento. Desmonte, che \u00e8 un caso tanto astratto quanto potente di opacit\u00e0 immanente della voce stessa, articola una critica radicale alla logica operativa positivista e neocoloniale delle tecnologie biometriche.<\/p>\n\n\n\n<p><em>Prodotto con il supporto di Akademie der K\u00fcnste Berlin, con il finanziamento del Commissario del Governo Federale per la Cultura e i Media nell\u2019ambito di NEUSTART Kultur.<\/em><\/p>\n\n\n\n<p><em>Voce: Fernanda Lira<\/em><\/p>\n\n\n\n<p><em>Drammaturgia: Giuliana Corsi<\/em><\/p>\n\n\n\n<p><em>Curatela: Mattia Capelletti<\/em><\/p>\n\n\n\n<p><em>Presentato in collaborazione con Cripta747 nell\u2019ambito di The Listeners. Realizzato con il contributo del Ministero della Cultura<\/em>, <em>Goethe Institute e Kultur Ensemble.<\/em><\/p>\n\n\n\n<p><\/p>\n\n\n\n<p>With the support of:<\/p>\n\n\n\n<figure class=\"wp-block-image size-large\"><img loading=\"lazy\" width=\"1024\" height=\"273\" src=\"https:\/\/studiorizoma.org\/wp-content\/uploads\/2023\/05\/gt-2-1024x273.jpg\" alt=\"\" class=\"wp-image-3562\" srcset=\"https:\/\/studiorizoma.org\/wp-content\/uploads\/2023\/05\/gt-2-1024x273.jpg 1024w, https:\/\/studiorizoma.org\/wp-content\/uploads\/2023\/05\/gt-2-300x80.jpg 300w, https:\/\/studiorizoma.org\/wp-content\/uploads\/2023\/05\/gt-2-768x205.jpg 768w, https:\/\/studiorizoma.org\/wp-content\/uploads\/2023\/05\/gt-2-1536x410.jpg 1536w, https:\/\/studiorizoma.org\/wp-content\/uploads\/2023\/05\/gt-2-2048x546.jpg 2048w\" sizes=\"(max-width: 1024px) 100vw, 1024px\" \/><\/figure>\n","protected":false},"featured_media":3619,"template":"","_links":{"self":[{"href":"https:\/\/studiorizoma.org\/it\/wp-json\/wp\/v2\/event\/3682"}],"collection":[{"href":"https:\/\/studiorizoma.org\/it\/wp-json\/wp\/v2\/event"}],"about":[{"href":"https:\/\/studiorizoma.org\/it\/wp-json\/wp\/v2\/types\/event"}],"wp:featuredmedia":[{"embeddable":true,"href":"https:\/\/studiorizoma.org\/it\/wp-json\/wp\/v2\/media\/3619"}],"wp:attachment":[{"href":"https:\/\/studiorizoma.org\/it\/wp-json\/wp\/v2\/media?parent=3682"}],"curies":[{"name":"wp","href":"https:\/\/api.w.org\/{rel}","templated":true}]}}

<p>Originariamente commissionata dal Festival Novas Frequências di Rio De Janeiro nel 2021, DESMONTE è una composizione e performance dal vivo per sintetizzatore modulare e voce preregistrata presentata da Pedro Oliveira per Between Land and Sea.</p>



<p></p>



<p>Un’esplorazione sonora sui postumi del colonialismo e sulla violenza dei confini, che cerca di sradicare la voce dal corpo e il corpo dall’origine. Uno studio sui limiti e i fallimenti dell’ascolto (meccanico), la composizione si appropria e abusa di tecniche spettrali simili a quelle del cosiddetto “software di riconoscimento dialettale”, una tecnologia proprietaria in uso per i casi di richiedenti asilo senza documenti in Germania. Quando la voce della cantante death metal Fernanda Lira si disfa del software, il suo timbro subisce le mutazioni più estreme, spingendosi ben oltre le confortanti soglie percettive del riconoscimento. Desmonte, che è un caso tanto astratto quanto potente di opacità immanente della voce stessa, articola una critica radicale alla logica operativa positivista e neocoloniale delle tecnologie biometriche.</p>



<p><em>Prodotto con il supporto di Akademie der Künste Berlin, con il finanziamento del Commissario del Governo Federale per la Cultura e i Media nell’ambito di NEUSTART Kultur.</em></p>



<p><em>Voce: Fernanda Lira</em></p>



<p><em>Drammaturgia: Giuliana Corsi</em></p>



<p><em>Curatela: Mattia Capelletti</em></p>



<p><em>Presentato in collaborazione con Cripta747 nell’ambito di The Listeners. Realizzato con il contributo del Ministero della Cultura</em>, <em>Goethe Institute e Kultur Ensemble.</em></p>



<p></p>



<p>With the support of:</p>



<figure class="wp-block-image size-large"><img loading="lazy" width="1024" height="273" src="https://studiorizoma.org/wp-content/uploads/2023/05/gt-2-1024x273.jpg" alt="" class="wp-image-3562" srcset="https://studiorizoma.org/wp-content/uploads/2023/05/gt-2-1024x273.jpg 1024w, https://studiorizoma.org/wp-content/uploads/2023/05/gt-2-300x80.jpg 300w, https://studiorizoma.org/wp-content/uploads/2023/05/gt-2-768x205.jpg 768w, https://studiorizoma.org/wp-content/uploads/2023/05/gt-2-1536x410.jpg 1536w, https://studiorizoma.org/wp-content/uploads/2023/05/gt-2-2048x546.jpg 2048w" sizes="(max-width: 1024px) 100vw, 1024px" /></figure>
