{"id":3523,"date":"2023-05-16T16:42:15","date_gmt":"2023-05-16T14:42:15","guid":{"rendered":"https:\/\/studiorizoma.org\/?post_type=event&#038;p=3523"},"modified":"2023-05-23T15:18:07","modified_gmt":"2023-05-23T13:18:07","slug":"rhizome-cities-un-nuovo-dialogo-con-la-societa-civile-e-le-comunita-di-migranti%ef%bf%bc","status":"publish","type":"event","link":"https:\/\/studiorizoma.org\/it\/eventi\/rhizome-cities-un-nuovo-dialogo-con-la-societa-civile-e-le-comunita-di-migranti%ef%bf%bc\/","title":{"rendered":"Rhizome Cities: Un nuovo dialogo con la societ\u00e0 civile e le comunit\u00e0 di migranti\ufffc"},"content":{"rendered":"\n<p>Nell&#8217;ambito di Rhizome Cities, le amministrazioni comunali e i sindaci di diverse citt\u00e0 europee e africane proporranno una strategia congiunta e principi comuni per affrontare la loro comune eredit\u00e0 coloniale. Una Carta, che dovrebbe essere firmata nel 2023, potrebbe svilupparsi ulteriormente in una rete a lungo termine, la prima in Europa che si occupa del tema della decolonizzazione urbana e dell&#8217;impegno dei migranti e delle seconde generazioni come ambasciatori nel rapporto con i loro Paesi d&#8217;origine.<\/p>\n\n\n\n<p><\/p>\n\n\n\n<p>Dopo Palermo, Montpellier e Marsiglia, la rete di citt\u00e0 si recher\u00e0 a Braga il 29-30 maggio 2023, per incontrare e scambiare con iniziative locali, cittadini e societ\u00e0 civile che lavorano con le comunit\u00e0 migranti. Insieme identificheremo le migliori pratiche nel campo del patrimonio, del decolonialismo e della cooperazione per contribuire all&#8217;elaborazione della Carta.<\/p>\n\n\n\n<p><\/p>\n\n\n\n<p>I partecipanti parteciperanno a una nuova sessione di Bootcamp sotto forma di visite in citt\u00e0 che comprenderanno una passeggiata guidata attraverso il Campus di DSTGroup dal titolo &#8220;Le grandi storie sono scritte con i valori nel cuore degli uomini&#8221; e visite riflessive all&#8217;Arcada\/Jardim de Santa B\u00e1rbara\/Largo do Pa\u00e7o\/S\u00e9\/Arco da Porta Nova\/Museu Dom Diogo. Le visite alle citt\u00e0 aiuteranno a identificare le migliori pratiche e i partecipanti si riuniranno infine per una visita al Social Innovation LAB guidato da Eurocities.<\/p>\n\n\n\n<p><\/p>\n\n\n\n<p>Se desiderate partecipare alle sessioni pubbliche del Bootcamp, siete pregati di registrarvi in questo modulo. Ulteriori informazioni sul punto di incontro e sull&#8217;ordine del giorno saranno inviate via e-mail ai partecipanti dopo la registrazione.<\/p>\n\n\n\n<p><\/p>\n\n\n\n<p><a href=\"https:\/\/docs.google.com\/forms\/d\/e\/1FAIpQLSdHJ03pRzpgjV1CNb9UIyTBQ3B5DAv-QgJhmHbsbPyv01j-kg\/viewform\">REGISTRATI PER PARTECIPARE<\/a><\/p>\n","protected":false},"featured_media":3524,"template":"","_links":{"self":[{"href":"https:\/\/studiorizoma.org\/it\/wp-json\/wp\/v2\/event\/3523"}],"collection":[{"href":"https:\/\/studiorizoma.org\/it\/wp-json\/wp\/v2\/event"}],"about":[{"href":"https:\/\/studiorizoma.org\/it\/wp-json\/wp\/v2\/types\/event"}],"wp:featuredmedia":[{"embeddable":true,"href":"https:\/\/studiorizoma.org\/it\/wp-json\/wp\/v2\/media\/3524"}],"wp:attachment":[{"href":"https:\/\/studiorizoma.org\/it\/wp-json\/wp\/v2\/media?parent=3523"}],"curies":[{"name":"wp","href":"https:\/\/api.w.org\/{rel}","templated":true}]}}

Rhizome Cities: Un nuovo dialogo con la società civile e le comunità di migranti￼

<p>Nell&#8217;ambito di Rhizome Cities, le amministrazioni comunali e i sindaci di diverse città europee e africane proporranno una strategia congiunta e principi comuni per affrontare la loro comune eredità coloniale. Una Carta, che dovrebbe essere firmata nel 2023, potrebbe svilupparsi ulteriormente in una rete a lungo termine, la prima in Europa che si occupa del tema della decolonizzazione urbana e dell&#8217;impegno dei migranti e delle seconde generazioni come ambasciatori nel rapporto con i loro Paesi d&#8217;origine.</p>



<p></p>



<p>Dopo Palermo, Montpellier e Marsiglia, la rete di città si recherà a Braga il 29-30 maggio 2023, per incontrare e scambiare con iniziative locali, cittadini e società civile che lavorano con le comunità migranti. Insieme identificheremo le migliori pratiche nel campo del patrimonio, del decolonialismo e della cooperazione per contribuire all&#8217;elaborazione della Carta.</p>



<p></p>



<p>I partecipanti parteciperanno a una nuova sessione di Bootcamp sotto forma di visite in città che comprenderanno una passeggiata guidata attraverso il Campus di DSTGroup dal titolo &#8220;Le grandi storie sono scritte con i valori nel cuore degli uomini&#8221; e visite riflessive all&#8217;Arcada/Jardim de Santa Bárbara/Largo do Paço/Sé/Arco da Porta Nova/Museu Dom Diogo. Le visite alle città aiuteranno a identificare le migliori pratiche e i partecipanti si riuniranno infine per una visita al Social Innovation LAB guidato da Eurocities.</p>



<p></p>



<p>Se desiderate partecipare alle sessioni pubbliche del Bootcamp, siete pregati di registrarvi in questo modulo. Ulteriori informazioni sul punto di incontro e sull&#8217;ordine del giorno saranno inviate via e-mail ai partecipanti dopo la registrazione.</p>



<p></p>



<p><a href="https://docs.google.com/forms/d/e/1FAIpQLSdHJ03pRzpgjV1CNb9UIyTBQ3B5DAv-QgJhmHbsbPyv01j-kg/viewform">REGISTRATI PER PARTECIPARE</a></p>
